1
Calculate the highest common factor of 160 and 529792280.
40
What is the highest common divisor of 12 and 166504260?
12
Calculate the highest common factor of 3058 and 232320.
22
Calculate the highest common factor of 541215122 and 2342.
2342
Calculate the greatest common divisor of 12198714 and 132.
66
What is the greatest common factor of 2095594 and 1958?
178
Calculate the highest common divisor of 6206674 and 109458.
4054
Calculate the greatest common factor of 26893030 and 20.
10
Calculate the greatest common factor of 331270 and 80.
10
What is the greatest common divisor of 5718772 and 188?
188
What is the highest common factor of 550 and 7902070?
110
What is the highest common factor of 15460584 and 88?
8
Calculate the highest common divisor of 38 and 16547233.
19
What is the highest common divisor of 12382 and 2871114?
302
Calculate the highest common divisor of 139995 and 121635.
2295
What is the highest common divisor of 34 and 117122?
2
Calculate the greatest common factor of 1694 and 4107026.
154
What is the greatest common divisor of 486044 and 9126?
338
Calculate the highest common factor of 20064 and 7884.
12
What is the highest common factor of 780 and 1191255?
195
Calculate the greatest common factor of 86259338 and 506.
506
What is the highest common divisor of 30 and 126521535?
15
What is the highest common factor of 3730 and 346540?
10
Calculate the highest common divisor of 42588018 and 1188.
594
Calculate the highest common factor of 19783211 and 959.
959
Calculate the greatest common divisor of 1338 and 728976.
6
Calculate the highest common factor of 19050 and 39620190.
3810
What is the greatest common factor of 144529216 and 96?
32
Calculate the greatest common divisor of 4275 and 6597750.
1425
What is the greatest common divisor of 6034 and 872522?
14
What is the highest common factor of 18 and 264323421?
9
What is the greatest common divisor of 3014944 and 1633?
71
Calculate the highest common divisor of 6341531 and 98.
49
Calculate the greatest common factor of 18728570 and 40.
10
Calculate the greatest common factor of 72 and 21821400.
72
What is the greatest common divisor of 4728 and 4338432?
24
What is the greatest common factor of 17261790 and 24570?
2730
Calculate the greatest common divisor of 381488 and 30808.
8
What is the highest common factor of 24192 and 15575112?
1512
What is the highest common factor of 50737739 and 362?
181
Calculate the highest common factor of 7335741 and 392.
49
Calculate the greatest common divisor of 127244 and 1986244.
52
Calculate the greatest common factor of 18936 and 15308967.
789
Calculate the greatest common factor of 693260 and 204.
68
Calculate the highest common divisor of 70 and 1012332440.
70
Calculate the greatest common divisor of 148015 and 5383.
7
Calculate the highest common divisor of 2729056 and 792.
88
Calculate the greatest common divisor of 222559 and 167719.
457
What is the highest common factor of 102688183 and 60502?
2327
Calculate the greatest common factor of 5 and 46334681.
1
What is the highest common factor of 52231960 and 110?
110
Calculate the highest common factor of 359638520 and 280.
40
What is the greatest common factor of 1421 and 421757?
7
Calculate the greatest common factor of 51408 and 21114.
918
Calculate the greatest common divisor of 117177 and 3861003.
417
Calculate the greatest common factor of 12036 and 2076006.
102
Calculate the highest common divisor of 7950 and 1359725.
25
What is the highest common factor of 196997 and 3364?
29
Calculate the highest common divisor of 2907 and 15641883.
171
Calculate the greatest common divisor of 2301 and 14421.
3
Calculate the greatest common factor of 7620 and 455307700.
2540
Calculate the greatest common divisor of 20 and 25506044.
4
What is the greatest common divisor of 84000 and 606480?
1680
Calculate the highest common divisor of 1192 and 9286276.
596
Calculate the greatest common divisor of 504 and 1361543148.
252
Calculate the greatest common factor of 5241 and 5781.
3
Calculate the greatest common divisor of 241680656 and 16.
16
What is the highest common divisor of 328692 and 230308?
2236
Calculate the greatest common divisor of 113162 and 1014622.
1918
Calculate the greatest common divisor of 52 and 2339752.
4
Calculate the highest common divisor of 2355072 and 832.
64
What is the greatest common divisor of 199752003 and 66?
33
What is the highest common divisor of 125686293 and 6?
3
What is the greatest common divisor of 427 and 4766967?
61
Calculate the greatest common factor of 2467 and 5725191570.
2467
Calculate the greatest common factor of 5229 and 396837.
63
What is the greatest common factor of 150875 and 20247?
17
What is the highest common factor of 60580700 and 175?
25
Calculate the greatest common factor of 84699 and 753.
3
What is the greatest common divisor of 6137474 and 42?
14
What is the greatest common factor of 1582784 and 106400?
224
What is the greatest common divisor of 247 and 2529995?
13
Calculate the greatest common divisor of 38013468 and 12.
12
Calculate the highest common divisor of 564249 and 651840.
2037
Calculate the greatest common divisor of 2383159 and 8503.
773
Calculate the greatest common divisor of 4055945 and 34.
17
Calculate the greatest common divisor of 664213 and 7799.
11
Calculate the highest common divisor of 137936 and 35240784.
3728
What is the highest common factor of 1580 and 129460460?
1580
Calculate the highest common factor of 28993 and 81841.
367
Calculate the greatest common divisor of 12445 and 138814.
19
What is the greatest common divisor of 2860 and 3244340?
220
What is the greatest common factor of 581629 and 2396?
599
What is the greatest common factor of 86544 and 73711448?
4808
What is the greatest common factor of 553275 and 242325?
225
Calculate the greatest common divisor of 671 and 5822267.
671
Calculate the highest common divisor of 66 and 14374500.
6
What is the highest common factor of 2201 and 4160032?
71
What is the greatest common factor of 36671880 and 447?
447
Calculate the greatest common factor of 62331 and 6643347.
237
What is the greatest common divisor of 79 and 346318225?
79
What is the highest common factor of 431018 and 66334?
34
What is the highest common divisor of 18708890 and 110?
10
Calculate the highest common divisor of 18135 and 8344115.
2015
What is the highest common divisor of 26377936 and 1392?
464
What is the greatest common divisor of 994 and 496006?
994
Calculate the highest common divisor of 1872 and 17384832.
144
Calculate the highest common factor of 72396 and 10908.
36
What is the highest common factor of 846272 and 11200?
448
What is the greatest common factor of 4032595 and 203?
203
What is the highest common factor of 67770093 and 1539?
57
Calculate the greatest common divisor of 479 and 105340243.
479
Calculate the greatest common factor of 1072 and 234702943.
67
What is the greatest common divisor of 1650 and 289045900?
550
What is the highest common factor of 482 and 18159591?
241
Calculate the highest common factor of 69075 and 1808775.
225
Calculate the greatest common divisor of 4532 and 27914436.
44
What is the greatest common divisor of 49325046 and 89?
89
What is the highest common factor of 5254 and 923150?
74
Calculate the highest common divisor of 5892998 and 8474.
446
What is the highest common factor of 1627608 and 633786?
438
What is the greatest common factor of 1275 and 259909725?
75
Calculate the greatest common divisor of 133751774 and 1844.
922
What is the highest common factor of 905663 and 647823?
3223
What is the highest common factor of 51464896 and 98?
98
What is the greatest common divisor of 5967 and 4779540?
27
What is the greatest common divisor of 153785312 and 160?
32
What is the highest common divisor of 4743204 and 258?
6
What is the greatest common factor of 1671893 and 989?
23
What is the highest common divisor of 13275 and 44225?
25
Calculate the highest common divisor of 117214470 and 40.
10
Calculate the greatest common factor of 3913632 and 1640952.
7704
Calculate the greatest common divisor of 1585372 and 16.
4
Calculate the greatest common divisor of 108 and 3361476.
12
Calculate the highest common divisor of 1102287580 and 40.
20
What